emainder when 876 is divided by 369.
138
What is the remainder when 93704 is divided by 18728?
64
What is the remainder when 19584 is divided by 7?
5
What is the remainder when 12359 is divided by 1756?
67
Calculate the remainder when 4413 is divided by 127.
95
What is the remainder when 962 is divided by 172?
102
Calculate the remainder when 820 is divided by 182.
92
What is the remainder when 316917 is divided by 24?
21
Calculate the remainder when 51199 is divided by 104.
31
What is the remainder when 21411 is divided by 433?
194
What is the remainder when 4114 is divided by 1959?
196
Calculate the remainder when 288636 is divided by 79.
49
What is the remainder when 3901 is divided by 3852?
49
Calculate the remainder when 10825 is divided by 60.
25
What is the remainder when 13614 is divided by 768?
558
Calculate the remainder when 9785 is divided by 7.
6
What is the remainder when 376476 is divided by 416?
412
What is the remainder when 177 is divided by 137?
40
What is the remainder when 653994 is divided by 29?
15
What is the remainder when 1472326 is divided by 33?
31
Calculate the remainder when 44776 is divided by 14925.
1
Calculate the remainder when 400135 is divided by 1235.
1230
What is the remainder when 5609 is divided by 106?
97
Calculate the remainder when 17438 is divided by 482.
86
Calculate the remainder when 7185 is divided by 1139.
351
What is the remainder when 3530 is divided by 3518?
12
Calculate the remainder when 39770 is divided by 620.
90
What is the remainder when 15467 is divided by 294?
179
What is the remainder when 75497 is divided by 921?
896
What is the remainder when 454842 is divided by 14672?
10
Calculate the remainder when 319 is divided by 41.
32
What is the remainder when 14343 is divided by 573?
18
Calculate the remainder when 19811 is divided by 56.
43
What is the remainder when 742648 is divided by 6?
4
What is the remainder when 7226613 is divided by 853?
850
Calculate the remainder when 63734 is divided by 837.
122
Calculate the remainder when 810436 is divided by 6.
4
What is the remainder when 15298 is divided by 51?
49
What is the remainder when 301394 is divided by 2216?
18
Calculate the remainder when 25875 is divided by 63.
45
What is the remainder when 211408 is divided by 810?
808
Calculate the remainder when 51989 is divided by 684.
5
Calculate the remainder when 9815 is divided by 2447.
27
Calculate the remainder when 23581 is divided by 482.
445
What is the remainder when 7698 is divided by 51?
48
Calculate the remainder when 61235 is divided by 2783.
9
Calculate the remainder when 577 is divided by 139.
21
Calculate the remainder when 148408 is divided by 7810.
18
What is the remainder when 111932 is divided by 305?
302
Calculate the remainder when 6325 is divided by 577.
555
Calculate the remainder when 25626 is divided by 15.
6
Calculate the remainder when 23712 is divided by 13.
0
What is the remainder when 109201 is divided by 94?
67
Calculate the remainder when 4239 is divided by 659.
285
What is the remainder when 6467 is divided by 587?
10
What is the remainder when 59264 is divided by 439?
438
What is the remainder when 46214 is divided by 67?
51
What is the remainder when 14453 is divided by 466?
7
Calculate the remainder when 1726845 is divided by 48.
45
Calculate the remainder when 4188 is divided by 76.
8
Calculate the remainder when 1895633 is divided by 40.
33
Calculate the remainder when 809 is divided by 76.
49
Calculate the remainder when 174744 is divided by 174701.
43
Calculate the remainder when 6954 is divided by 3470.
14
What is the remainder when 31244 is divided by 428?
0
Calculate the remainder when 120998 is divided by 968.
966
What is the remainder when 29024 is divided by 2073?
2
What is the remainder when 264186 is divided by 444?
6
What is the remainder when 188202 is divided by 67?
66
What is the remainder when 307826 is divided by 17?
7
What is the remainder when 65671 is divided by 2447?
2049
Calculate the remainder when 6412 is divided by 916.
0
What is the remainder when 172568 is divided by 172556?
12
What is the remainder when 1393 is divided by 450?
43
What is the remainder when 1192 is divided by 1172?
20
Calculate the remainder when 7767 is divided by 38.
15
What is the remainder when 114162 is divided by 387?
384
What is the remainder when 17235 is divided by 97?
66
What is the remainder when 1024 is divided by 413?
198
What is the remainder when 327567 is divided by 27295?
27
Calculate the remainder when 94 is divided by 16.
14
Calculate the remainder when 41010 is divided by 9.
6
Calculate the remainder when 10489 is divided by 21.
10
What is the remainder when 1155438 is divided by 3?
0
What is the remainder when 390861 is divided by 68?
65
What is the remainder when 8410 is divided by 108?
94
What is the remainder when 9152 is divided by 2288?
0
Calculate the remainder when 1247596 is divided by 14.
0
Calculate the remainder when 60674 is divided by 333.
68
What is the remainder when 102489 is divided by 10?
9
Calculate the remainder when 23708 is divided by 344.
316
Calculate the remainder when 14381 is divided by 153.
152
What is the remainder when 48311 is divided by 146?
131
What is the remainder when 18752 is divided by 161?
76
What is the remainder when 8549 is divided by 1420?
29
Calculate the remainder when 5161 is divided by 1668.
157
What is the remainder when 946 is divided by 244?
214
What is the remainder when 57017 is divided by 1896?
137
What is the remainder when 11834 is divided by 11824?
10
Calculate the remainder when 3583 is divided by 302.
261
Calculate the remainder when 7785 is divided by 184.
57
What is the remainder when 8193 is divided by 149?
147
What is the remainder when 1600063 is divided by 45?
43
What is the remainder when 6580 is divided by 1497?
592
Calculate the remainder when 384250 is divided by 64.
58
What is the remainder when 526197 is divided by 2318?
11
What is the remainder when 125501 is divided by 106?
103
Calculate the remainder when 59538 is divided by 817.
714
What is the remainder when 654 is divided by 175?
129
Calculate the remainder when 199 is divided by 189.
10
What is the remainder when 13329 is divided by 2168?
321
What is the remainder when 1128 is divided by 283?
279
Calculate the remainder when 8503 is divided by 2815.
58
Calculate the remainder when 1821 is divided by 87.
81
What is the remainder when 38001 is divided by 799?
448
What is the remainder when 1899686 is divided by 8?
6
Calculate the remainder when 1244584 is divided by 409.
406
Calculate the remainder when 136210 is divided by 451.
8
Calculate the remainder when 3219 is divided by 610.
169
Calculate the remainder when 11807 is divided by 36.
35
What is the remainder when 31099 is divided by 798?
775
What is the remainder when 5105 is divided by 255?
5
What is the remainder when 1767 is divided by 123?
45
What is the remainder when 21093 is divided by 21?
9
What is the remainder when 1103241 is divided by 178?
175
Calculate the remainder when 38023 is divided by 71.
38
Calculate the remainder when 4246 is divided by 73.
12
What is the remainder when 17081 is divided by 164?
25
What is the remainder when 2461827 is divided by 14?
11
What is the remainder when 5534372 is divided by 20?
12
What is the remainder when 51725 is divided by 6?
5
Calculate the remainder when 23679 is divided by 11823.
33
Calculate the remainder when 17197 is divided by 7.
5
Calculate the remainder when 125572 is divided by 63.
13
Calculate the remainder when 14020 is divided by 271.
199
Calculate the remainder when 817737 is divided by 420.
417
What is the remainder when 17219 is divided by 5660?
239
What is the remainder when 49701 is divided by 2661?
1803
What is the remainder when 7252 is divided by 142?
10
Calculate the remainder when 36861 is divided by 38.
1
Calculate the remainder when 247783 is divided by 6353.
16
What is the remainder when 8750 is divided by 1749?
5
Calculate the remainder when 455397 is divided by 200.
197
What is the remainder when 193661 is divided by 477?
476
What is the remainder when 886 is divided by 271?
73
Calculate the remainder when 99485 is divided by 33158.
11
Calculate the remainder when 24366 is div